he highest common factor of 9104 and f.
16
Let p be (-4)/(-16) - (-1198)/8. Let a be -5 + 294/(3 - -3). Suppose 108 = -0*o + 2*o - 4*l, 3*l = -o + a. What is the greatest common divisor of o and p?
50
Let r be (-32)/14 + (-2)/(-7). Let p(x) = -5*x**3 + 2*x**2 - x - 3. Let q be p(r). Let o = -24 + q. What is the greatest common divisor of 92 and o?
23
Let w(v) = 6 + 306*v + 3*v**2 - 299*v - 27. Let c be w(-7). Calculate the greatest common divisor of 49 and c.
7
Suppose -153*m - 18*m = -13680. What is the highest common divisor of 215 and m?
5
Let n = 1625 + -1539. Let g be (-6)/(-12)*(-8)/(-2). Calculate the highest common divisor of n and g.
2
Let w = 189 - 175. Let q(h) = 7*h - 26. Let p be q(w). Calculate the greatest common factor of p and 16.
8
Suppose 0 = -2*z + 2, -3*z - 170 - 65 = -l. Let a = 306 - l. What is the greatest common divisor of 34 and a?
34
Let q(h) = h**2 - 2*h + 320. Let p be q(0). Let w = -6 + 16. Calculate the greatest common factor of w and p.
10
Suppose 3*l = -y + 747, -7484*y = -7481*y + 4*l - 2236. What is the greatest common factor of y and 168?
24
Let g be (-3)/(((-6)/(-60))/(2/(-12))). Let l be g/(-10) + 33/6. Calculate the highest common divisor of 15 and l.
5
Let a = 10 - 18. Let t(z) be the first derivative of z**3/3 + 2*z**2 + 16*z - 367. Let u be t(a). What is the highest common divisor of 6 and u?
6
Let q be (0 + 759/(-6))/(6/(-12)). Let g = q - 33. Let o = -28 - -50. What is the highest common factor of o and g?
22
Suppose -r = -2*i - 18, r - 6 = i + 5. Let u be i/14 - (-10)/4. Let f be -3 + (u - -13)/1. Calculate the greatest common factor of f and 156.
12
Suppose 0 = 3*x - 2*g - 57, -6*x + 4*x + 2*g + 36 = 0. Suppose x*z - 390 = 72. What is the greatest common factor of z and 55?
11
Suppose 214*i = 200*i + 4312. Suppose -18 - 14 = -p. Let m be 675/24 - 4/p. Calculate the highest common factor of m and i.
28
Let b = 59 + -26. Suppose 8*i = 4*a - 296, -5*a - 4*i + 148 = -166. What is the highest common divisor of a and b?
33
Suppose 30*p = -28*p - 580. Let i be p/(12 + 28) - 5/(-4). Suppose -h = -4*h + 3. Calculate the highest common factor of h and i.
1
Let l be -2 - -215 - (-106 + 111). What is the highest common divisor of 80 and l?
16
Let o(v) = -13*v + 242. Let b be o(17). Suppose -885 - 150 = -5*t. Let p = 312 - t. What is the greatest common divisor of b and p?
21
Let q = -601 + 613. Let m(l) = -7*l + 33. Let i be m(-9). Calculate the greatest common divisor of q and i.
12
Let v(s) = -s**3 - 3*s - 982*s**2 + 5 + 490*s**2 + 491*s**2. Let d be v(0). What is the highest common divisor of 13 and d?
1
Let x = 48 - 28. Suppose 6*h - 739 = 1541. Calculate the greatest common factor of x and h.
20
Let h be (-5 - (-222)/54)*-9. Let n(j) = j**3 - 6*j**2 - 1. Let x be n(7). What is the highest common factor of x and h?
8
Suppose -49 + 583 = 3*u. Calculate the greatest common factor of 2 and u.
2
Suppose 5*n + 4*g = 2*g + 62, -3*n + 2*g = -34. Suppose 0 = -17*f + n*f + 60. What is the greatest common factor of f and 30?
6
Let p(b) = -42*b + 1896. Let y be p(22). What is the greatest common divisor of 1080 and y?
108
Suppose 9*k - 564536 = 611971. Let m be 3/(-4) - k/(-244). Calculate the greatest common factor of 5 and m.
5
Let o = -35201 - -35495. Suppose 0 = 5*v - 2*v - 42. Calculate the greatest common divisor of v and o.
14
Suppose 3*q + 53 - 170 = 0. Let g = 4072 - 4033. What is the greatest common factor of q and g?
39
Suppose -4*w - a - 1310 - 563 = 0, 3*w = a - 1410. Let m = w + 693. What is the highest common factor of 7 and m?
7
Let t = 8697 - 8668. Let w be ((-4)/(-5))/((-3)/15). Let a be 2 + (-228)/(w - -2). Calculate the highest common factor of a and t.
29
Let v be -506*(-14 - -7)/7. Calculate the highest common divisor of 682 and v.
22
Suppose -229 - 373 = -2*k. Let s = -429 + k. Let f = -8 - s. Calculate the highest common divisor of 48 and f.
24
Let w be (-260)/(-60) - (-4)/(-3). Suppose 3*n - 27 = -3*u, w*u - 24*n + 22*n - 12 = 0. Calculate the highest common divisor of u and 474.
6
Suppose -g - 519 = -151. Let i = g - -743. What is the greatest common divisor of 150 and i?
75
Suppose 5*j - 46 = -u + 3*j, j = -u + 41. Let t = -18520 - -18547. What is the greatest common divisor of t and u?
9
Let s(v) = v**2 + 18*v + 91. Suppose 2*b - 52 = 4*i, -5*i + 10*i - b = -71. Let p be s(i). Calculate the greatest common factor of 23 and p.
23
Suppose z + 12 + 15 = 0. Let c be ((-5)/(75/z))/((-5)/(-25)). Calculate the greatest common factor of 33 and c.
3
Let w be -3 - (-52)/16 - (-594)/(-8). Let v = -24 - w. Suppose r = 21 - 1. Calculate the greatest common divisor of r and v.
10
Suppose 1102 - 1087 = -2*z - 5*f, -4*z + 47 = -f. What is the highest common divisor of 2880 and z?
10
Suppose 5*f + i - 181 = 0, i - 96 = -2*f - 26. What is the highest common factor of f and 4699?
37
Suppose -142*u = -137*u. Suppose u = -10*p + 125 + 995. Calculate the highest common divisor of p and 32.
16
Let j = 23 - -20. Let q = 55 - j. Let v be 4 + 0 + (-1380)/(q/(-2)). What is the highest common factor of v and 26?
26
Let n be 9950/(-2)*5*(6 + 1368/(-225)). What is the highest common divisor of n and 10?
10
Suppose -5*x = -249 - 431. Suppose v = -4*v + f + 863, 0 = 105*f - 103*f + 26. Calculate the highest common factor of v and x.
34
Let f be (-1)/(2/(-172)*(5 - 3)). Let o = f + -43. Suppose -3*r - 2*r = 5*j - 120, o = -4*j + r + 71. What is the greatest common factor of 209 and j?
19
Let g(k) = k**3 + k**2 + 10*k - 7. Let n be g(6). Suppose 360 = 5*i - n. Let z = -53 + i. What is the highest common divisor of 16 and z?
16
Suppose 0 = 4*l - 5*t + 534 + 37, 725 = -5*l - 5*t. Let s = l - -165. Calculate the highest common divisor of 56 and s.
7
Suppose -24*g = -340 - 282 - 650. Calculate the highest common divisor of 5353 and g.
53
Suppose 5*f - 109 = -3*z, -4*z + 78 = -2*f + 158. Suppose 0 = -v - 1 + 6. Suppose 0 = -0*s + v*s - 520. What is the greatest common divisor of s and f?
26
Suppose 0*s = 5*s - 405. Let i = 275922 + -275787. What is the greatest common divisor of s and i?
27
Let l be 25/((-225)/486)*(-6)/1. Suppose 7*i = -15*i + 1584. What is the highest common divisor of l and i?
36
Suppose -34*v + 33*v = -52. Suppose v*d = 56*d - 300. What is the greatest common factor of 125 and d?
25
Let w(b) = b**3 - 19*b**2 + 22*b - 17. Let a be w(18). Suppose 2*k = 23 - 1. Calculate the highest common factor of a and k.
11
Let x(l) = 23*l**2 + 23*l - 87. Let g be x(6). Let b = g + -549. Calculate the greatest common factor of 15 and b.
15
Let z be 1/(-1*(-2)/508). Let r be (1 - (-6 - -5)) + z. Calculate the greatest common factor of r and 64.
64
Suppose 217 = 2*s - 3*c, -5*s + 4*c + 440 + 120 = 0. Let t = 105 + s. What is the greatest common divisor of 51 and t?
17
Let l = -1241 + 1253. What is the greatest common factor of l and 880?
4
Let l(y) = -y + 1. Let z(n) = -8*n + 14. Let f(w) = -3*l(w) - z(w). Let o be f(6). Calculate the greatest common divisor of o and 7.
7
Let z(d) = 3*d**2 + 400*d - 1608. Let t be z(4). What is the highest common divisor of t and 1464?
8
Let k be (1 - -1)*(18 - (12 + 4)). Suppose 0 = -4*u - 4*x + 756, -u + 9*x - k*x = -159. Calculate the highest common divisor of u and 24.
8
Suppose 0 = 59*b - 37*b - 1474. Calculate the greatest common divisor of b and 8777.
67
Let x(t) = 13*t**2 + 1957*t - 930. Let g be x(-154). What is the highest common factor of 384 and g?
48
Let g = 4950 + -4944. What is the highest common divisor of g and 2022?
6
Let n be (-90)/(-5) + (3 - 0). Suppose -11*i + 4375 + 14 = 0. What is the greatest common divisor of n and i?
21
Let p = -7 + 16. Suppose 11*d = 22*d + 55. Let f be 16/(-6)*66/88 - d. What is the highest common factor of f and p?
3
Let i(v) = 34 - 21*v - 1 + 38 - 17. Let c be i(-3). What is the greatest common factor of 26 and c?
13
Let p be (-1680)/(-150)*(-3 + (-123)/(-6)). What is the greatest common divisor of 8 and p?
4
Suppose -3*v - 229 = -262. Let m be 21492/594 - (-1)/(v/(-2)). What is the highest common factor of m and 99?
9
Let z(c) = 56*c + 88. Let n be z(12). What is the greatest common factor of 285 and n?
95
Let b be (0 - 3) + 6966/43. Calculate the highest common divisor of 2173 and b.
53
Suppose 5*v + 8*b = 7*b + 4412, -5*v + 2*b + 4421 =